actors of 479448014.
2, 19, 41, 307733
What are the prime factors of 68633534?
2, 307, 111781
List the prime factors of 58239974.
2, 13, 43, 113, 461
What are the prime factors of 5979184?
2, 331, 1129
What are the prime factors of 198212489?
47, 4217287
What are the prime factors of 13865351?
13865351
What are the prime factors of 4631001923?
4631001923
List the prime factors of 450897487.
5413, 83299
What are the prime factors of 32564037?
3, 11, 79, 12491
What are the prime factors of 743536235?
5, 13, 181, 63199
What are the prime factors of 2274845964?
2, 3, 71, 739, 3613
What are the prime factors of 587692711?
23, 67, 381371
What are the prime factors of 52845264?
2, 3, 122327
List the prime factors of 2808339290.
2, 5, 31, 103, 281, 313
What are the prime factors of 23544397?
3467, 6791
List the prime factors of 235138268.
2, 58784567
What are the prime factors of 48529746?
2, 3, 499, 1801
What are the prime factors of 850326971?
13, 65409767
List the prime factors of 72959262.
2, 3, 12159877
List the prime factors of 22590376.
2, 241, 11717
What are the prime factors of 4878008695?
5, 7, 139371677
List the prime factors of 3791758953.
3, 1263919651
What are the prime factors of 61871524?
2, 11, 13, 19, 5693
What are the prime factors of 212038777?
212038777
List the prime factors of 50152369.
50152369
What are the prime factors of 2574928732?
2, 17, 761, 2927
What are the prime factors of 39191022?
2, 3, 13, 167483
What are the prime factors of 240424444?
2, 13, 4623547
List the prime factors of 117740748.
2, 3, 1973, 4973
List the prime factors of 216188698.
2, 11, 191, 51449
What are the prime factors of 125455929?
3, 53, 789031
What are the prime factors of 596563586?
2, 298281793
What are the prime factors of 190259686?
2, 95129843
What are the prime factors of 11663902?
2, 5831951
List the prime factors of 61865631.
3, 101, 68059
List the prime factors of 162143568.
2, 3, 19, 59263
What are the prime factors of 2047255795?
5, 13, 19, 1657697
List the prime factors of 3587413838.
2, 47, 38163977
What are the prime factors of 5830626052?
2, 9059, 160907
List the prime factors of 401773189.
17, 659, 35863
What are the prime factors of 2302367?
2302367
List the prime factors of 21694266.
2, 3, 11, 109567
What are the prime factors of 142701589?
59, 2418671
What are the prime factors of 36984592?
2, 2311537
What are the prime factors of 8195580?
2, 3, 5, 5059
What are the prime factors of 1908744360?
2, 3, 5, 17, 83, 11273
List the prime factors of 17857659.
3, 5952553
List the prime factors of 246311607.
3, 59, 521, 2671
What are the prime factors of 91912288?
2, 13, 109, 2027
What are the prime factors of 2701557364?
2, 11, 61399031
What are the prime factors of 1571281045?
5, 29, 10836421
What are the prime factors of 61303423?
43, 1425661
List the prime factors of 1471450967.
7, 23, 61, 149827
List the prime factors of 279619291.
7, 113, 353501
List the prime factors of 120468490.
2, 5, 857, 14057
List the prime factors of 71497006.
2, 7, 29, 229, 769
What are the prime factors of 647896357?
647896357
What are the prime factors of 59612231?
7, 1453, 5861
List the prime factors of 47345336.
2, 5918167
List the prime factors of 285535318.
2, 89, 1604131
What are the prime factors of 258180652?
2, 2521, 25603
List the prime factors of 3138953382.
2, 3, 23, 7582013
What are the prime factors of 1977809632?
2, 47, 1123, 1171
List the prime factors of 2315158802.
2, 11, 31, 3394661
What are the prime factors of 404187866?
2, 202093933
List the prime factors of 776902243.
13, 239, 250049
List the prime factors of 898248613.
1823, 492731
List the prime factors of 51285860.
2, 5, 23, 111491
What are the prime factors of 701695465?
5, 491, 285823
What are the prime factors of 33544733?
33544733
What are the prime factors of 191978575?
5, 269, 28547
List the prime factors of 144188050.
2, 5, 17, 169633
List the prime factors of 492158095.
5, 11, 13, 688333
What are the prime factors of 368046727?
101, 131, 27817
What are the prime factors of 584696839?
227, 2575757
What are the prime factors of 393918960?
2, 3, 5, 1641329
What are the prime factors of 38259068?
2, 41, 79, 2953
What are the prime factors of 171593988?
2, 3, 17, 841147
What are the prime factors of 77973608?
2, 733, 13297
What are the prime factors of 12653902?
2, 6326951
List the prime factors of 7942576.
2, 661, 751
What are the prime factors of 71869136?
2, 883, 5087
What are the prime factors of 4458236642?
2, 29, 173, 643, 691
List the prime factors of 81436114.
2, 83, 490579
List the prime factors of 161408031.
3, 53802677
List the prime factors of 19337410.
2, 5, 1933741
What are the prime factors of 225953372?
2, 257, 219799
List the prime factors of 117059674.
2, 41, 43, 33199
List the prime factors of 272012056.
2, 19, 97, 971
What are the prime factors of 25329766?
2, 7, 11, 23497
What are the prime factors of 3452591765?
5, 7, 61, 1617139
List the prime factors of 955746595.
5, 43, 4445333
List the prime factors of 1540248275.
5, 229, 269039
What are the prime factors of 122907708?
2, 3, 7, 11, 101, 439
List the prime factors of 9857498.
2, 7, 47, 71, 211
What are the prime factors of 3811123507?
3811123507
List the prime factors of 6023080014.
2, 3, 7, 143406667
List the prime factors of 196823347.
7, 573829
List the prime factors of 159273184.
2, 7, 711041
List the prime factors of 26602027.
26602027
What are the prime factors of 547814931?
3, 191, 241, 3967
What are the prime factors of 8637708108?
2, 3, 107, 6727187
List the prime factors of 83159816.
2, 10394977
What are the prime factors of 313591310?
2, 5, 31359131
What are the prime factors of 161589124?
2, 40397281
What are the prime factors of 179734099?
7703, 23333
What are the prime factors of 298415353?
4259, 70067
List the prime factors of 1069223630.
2, 5, 106922363
What are the prime factors of 237851574?
2, 3, 39641929
What are the prime factors of 4175774861?
45233, 92317
What are the prime factors of 908208889?
7, 23, 59, 4157
What are the prime factors of 189916603?
181, 1049263
What are the prime factors of 14361043?
14361043
What are the prime factors of 24506531?
7, 107, 32719
What are the prime factors of 44623811?
44623811
List the prime factors of 48345159.
3, 239, 67427
What are the prime factors of 181062653?
1181, 153313
List the prime factors of 224157931.
23, 31, 13669
What are the prime factors of 562581133?
562581133
What are the prime factors of 130552767?
3, 1871, 7753
What are the prime factors of 175187353?
11, 19, 83, 10099
What are the prime factors of 375513494?
2, 257, 730571
What are the prime factors of 1970589158?
2, 985294579
List the prime factors of 81754040.
2, 5, 2043851
What are the prime factors of 196165863?
3, 21796207
What are the prime factors of 540913755?
3, 5, 19, 1897943
List the prime factors of 37265553.
3, 13, 431, 739
What are the prime factors of 14680707?
3, 17, 287857
List the prime factors of 1364316746.
2, 13, 52473721
List the prime factors of 25358269.
3733, 6793
List the prime factors of 291411173.
23, 109, 116239
What are the prime factors of 1694185587?
3, 157, 1198999
What are the prime factors of 9837357?
3, 1747, 1877
What are the prime factors of 231361467?
3, 5179, 14891
List the prime factors of 54201340.
2, 5, 23, 47, 109
List the prime factors of 880972195.
5, 107, 1646677
List the prime factors of 21446909.
11, 1949719
What are the prime factors of 529922706?
2, 3, 88320451
What are the prime factors of 301465796?
2, 75366449
List the prime factors of 21404073.
3, 569, 12539
List the prime factors of 259661378.
2, 129830689
List the prime factors of 123026917.
13, 9463609
What are the prime factors of 6012028890?
2, 3, 5, 7, 9542903
What are the prime factors of 139670615?
5, 7, 19, 210031
What are the prime factors of 54230149?
54230149
What are the prime factors of 1239294579?
3, 23, 17960791
What are the prime factors of 102079724?
2, 25519931
What are the prime factors of 214691299?
113, 1899923
List the prime factors of 730144550.
2, 5, 31, 471061
List the prime factors of 53716346.
2, 26858173
List the prime factors of 192477244.
2, 1879, 25609
List the prime factors of 61432275.
3, 5, 59, 13883
What are the prime factors o